{"id":46,"date":"2019-04-19T13:45:15","date_gmt":"2019-04-19T13:45:15","guid":{"rendered":"http:\/\/www.fuocovolcano.ch\/?page_id=46"},"modified":"2019-04-20T19:55:27","modified_gmt":"2019-04-20T19:55:27","slug":"allgemeine-geschaeftsbedingungen-agb","status":"publish","type":"page","link":"https:\/\/www.fuocovolcano.ch\/?page_id=46","title":{"rendered":"Allgemeine Gesch\u00e4fts\u00adbedingungen (\u201eAGB\u201c)"},"content":{"rendered":"\n<h2 class=\"wp-block-heading\">\u00a71 Geltung der Bedingungen<\/h2>\n\n\n\n<p>Die Lieferungen, Leistungen und Angebote\nder Ofenwerkstatt Edy\nSpiller nachfolgend\n\u201eAnbieterin\u201c, erfolgen ausschliesslich aufgrund dieser\nGesch\u00e4ftsbedingungen, auch wenn sie nicht nochmals ausdr\u00fccklich\nvereinbart werden. Mit Bestellung der Ware oder Leistung gelten diese\nBedingungen als angenommen. Allgemeinen Einkaufsbedingungen des\nK\u00e4ufers wird hiermit widersprochen. Abweichungen von diesen\nGesch\u00e4ftsbedingungen sind nur wirksam, wenn sie von der Anbieterin\nschriftlich best\u00e4tigt wurden.<\/p>\n\n\n\n<h2 class=\"wp-block-heading\">\u00a72 Angebot und Vertragsschluss<\/h2>\n\n\n\n<p>Die Angebote der Anbieterin in Preislisten und Inseraten sind\nfreibleibend und unverbindlich. Bestellungen sind f\u00fcr die Anbieterin\nerst nach schriftlicher Best\u00e4tigung verbindlich. Die Angaben in den\nVerkaufsunterlagen (Zeichnungen, Abbildungen, Masse, Gewichte und\nsonstige Leistungen) der Anbieterin sind nur als Richtwerte zu\nverstehen und stellen keine Zusicherung von Eigenschaften dar, es sei\ndenn, sie werden schriftlich ausdr\u00fccklich als verbindlich\nbezeichnet. Die Anbieterin beh\u00e4lt sich das Recht vor, vor Abgabe\noder Lieferung der Ware eine Alterspr\u00fcfung vorzunehmen.<\/p>\n\n\n\n<h2 class=\"wp-block-heading\">\u00a73 Preise<\/h2>\n\n\n\n<p>Massgebend sind die in der Auftragsbest\u00e4tigung oder Rechnung\ngenannten Preise. Die Preise verstehen sich, falls nicht anders\nvereinbart, zuz\u00fcglich Transport- und Verzollungskosten, exklusive\nder gesetzlichen Mehrwertsteuer.<\/p>\n\n\n\n<h2 class=\"wp-block-heading\">\u00a74 Liefer- und Leistungszeit<\/h2>\n\n\n\n<p>Termine und Lieferfristen sind unverbindlich, sofern nicht\nausdr\u00fccklich schriftlich etwas anderes vereinbart wurde. Die Angabe\nbestimmter Lieferfristen und Liefertermine durch die Anbieterin steht\nunter dem Vorbehalt der richtigen und rechtzeitigen Belieferung der\nAnbieterin durch Zulieferanten und Hersteller.<\/p>\n\n\n\n<h2 class=\"wp-block-heading\">\u00a75 Annahmeverzug<\/h2>\n\n\n\n<p>Wenn der K\u00e4ufer nach Ablauf einer ihm gesetzten Nachfrist die\nAnnahme der Liefergegenst\u00e4nde verweigert oder erkl\u00e4rt, die Ware\nnicht abnehmen zu wollen, kann die Anbieterin die Erf\u00fcllung des\nVertrages verweigern und Schadensersatz wegen Nichterf\u00fcllung\nverlangen. Die Anbieterin ist berechtigt, als Schadensersatz\nwahlweise entweder pauschal 25 % des vereinbarten Kaufpreises oder\nden Ersatz des effektiv entstandenen Schadens vom K\u00e4ufer zu fordern.<\/p>\n\n\n\n<h2 class=\"wp-block-heading\">\u00a76 Lieferung<\/h2>\n\n\n\n<p>Sichtbare Mengendifferenzen m\u00fcssen sofort bei Warenerhalt,\nverdeckte Mengendifferenzen innerhalb von 4 Tagen nach Warenerhalt\nder Anbieterin schriftlich angezeigt werden. Beanstandungen\nbetreffend Besch\u00e4digung, Versp\u00e4tung, Verlust oder schlechter\nVerpackung sind sofort nach Eingang der Warensendung anzumelden.<\/p>\n\n\n\n<h2 class=\"wp-block-heading\">\u00a77 Gefahren\u00fcbergang<\/h2>\n\n\n\n<p>Die Gefahr geht auf den K\u00e4ufer \u00fcber, sobald die Sendung an die\nden Transport ausf\u00fchrende Person \u00fcbergeben worden ist. Falls der\nVersand sich ohne Verschulden der Anbieterin verz\u00f6gert oder\nunm\u00f6glich wird, geht die Gefahr mit der Meldung der\nVersandbereitschaft auf den K\u00e4ufer \u00fcber. Eine im Einzelfall\nvereinbarte \u00dcbernahme der Transportkosten durch die Anbieterin hat\nkeinen Einfluss auf den Gefahren\u00fcbergang.<\/p>\n\n\n\n<h2 class=\"wp-block-heading\">\u00a78 Gew\u00e4hrleistung<\/h2>\n\n\n\n<p>Die Gew\u00e4hrleistung nach Massgabe der folgenden Bestimmungen\nbetr\u00e4gt 2 Jahre, wenn nicht ausdr\u00fccklich schriftlich etwas anderes\nvereinbart wird. Die Gew\u00e4hrleistungsfrist beginnt mit dem\nLieferdatum. Werden unsere Betriebs- oder Wartungsanweisungen nicht\nbefolgt, \u00c4nderungen vorgenommen, Teile ausgewechselt oder\nVerbrauchsmaterialien verwendet, die nicht den\nOriginalspezifikationen entsprechen, so entf\u00e4llt jede\nGew\u00e4hrleistung, soweit der Mangel hierauf zur\u00fcckzuf\u00fchren ist. Dies\ngilt auch, soweit der Mangel auf unsachgem\u00e4sse Benutzung, Lagerung\nund Handhabung der Ger\u00e4te, oder Fremdeingriff sowie das \u00d6ffnen von\nGer\u00e4ten zur\u00fcckzuf\u00fchren ist. Unwesentliche Abweichungen von\nzugesicherten Eigenschaften der Ware l\u00f6sen keine\nGew\u00e4hrleistungsrechte aus. Eine Haftung f\u00fcr normale Abnutzung,\nsowie Verbrauchsmaterial\/Zubeh\u00f6r\/beigelegte Batterien\/Akkus ist\nausgeschlossen. Gew\u00e4hrleistungsanspr\u00fcche gegen die Anbieterin\nstehen nur dem unmittelbaren K\u00e4ufer zu und sind nicht abtretbar.<\/p>\n\n\n\n<h2 class=\"wp-block-heading\">\u00a79 Retouren<\/h2>\n\n\n\n<p>F\u00fcr Retouren verlangen wir, dass das defekte Ger\u00e4t vollst\u00e4ndig\nmit einer Kopie der Rechnung, mit der das Ger\u00e4t geliefert wurde, an\ndie Anbieterin zur Reparatur eingeschickt oder angeliefert wird. Eine\nR\u00fccksendung durch den Kunden bedarf der vorherigen Zustimmung der\nAnbieterin und erfolgt auf Kosten und Risiko des Kunden. Die\nR\u00fccksendung der Produkte hat vollst\u00e4ndig sowie unter Beilage einer\ndetaillierten Fehler-\/M\u00e4ngelbeschreibung zu erfolgen. Durch den\nAustausch von Teilen, Baugruppen oder ganzen Ger\u00e4ten treten keine\nneuen Gew\u00e4hrleistungsfristen in Kraft. Die Gew\u00e4hrleistung\nbeschr\u00e4nkt sich ausschliesslich auf die Reparatur oder den Austausch\nder besch\u00e4digten Lieferungsgegenst\u00e4nde. Der K\u00e4ufer hat bei\nEinsendung der zu reparierenden Ger\u00e4te daf\u00fcr Sorge zu tragen, dass\nauf diesen befindliche Daten, durch Kopien gesichert werden, da diese\nbei Reparatureingriffen verloren gehen k\u00f6nnen.<\/p>\n\n\n\n<h2 class=\"wp-block-heading\">\u00a710 Eigentumsvorbehalt<\/h2>\n\n\n\n<p>Die gelieferte Ware bleibt bis zur vollst\u00e4ndigen Bezahlung\nEigentum der Anbieterin.<\/p>\n\n\n\n<h2 class=\"wp-block-heading\">\u00a711 Zahlung<\/h2>\n\n\n\n<p>Die Rechnungen sind je nach Vereinbarung bar oder innert 10 Tagen\nrein netto zahlbar, soweit nicht anders vereinbart. Die Lieferung\nerfolgt grunds\u00e4tzlich unfrei, d.h. zu Lasten des K\u00e4ufers per\nPaketpost, Spedition oder eigenem Fahrzeug, ausser es wurde\nausdr\u00fccklich etwas anderes vereinbart. Eine Zahlung gilt erst dann\nals erfolgt, wenn die Anbieterin \u00fcber den Betrag frei verf\u00fcgen\nkann. Ger\u00e4t der K\u00e4ufer in Verzug, so sind wir berechtigt, von dem\nbetreffenden Zeitpunkt ab Zinsen in H\u00f6he von 5 % zu berechnen.\nW\u00e4hrend der Dauer des Verzuges ist die Anbieterin auch jederzeit\nberechtigt, vom Vertrag zur\u00fcckzutreten, die gelieferte Ware\nzur\u00fcckzuverlangen und Schadensersatz auf das Dahinfallen des\nVertrages zu fordern. Alle Forderungen werden sofort f\u00e4llig, wenn\nder Abnehmer in Zahlungsverzug ger\u00e4t, sonstige wesentliche\nVerpflichtungen aus dem Vertrag schuldhaft nicht einh\u00e4lt oder wenn\nder Anbieterin Umst\u00e4nde bekannt werden, die geeignet sind, die\nKreditw\u00fcrdigkeit des Abnehmers zu mindern, insbesondere\nZahlungseinstellung, Anh\u00e4ngigkeit eines Vergleichs- oder\nKonkursverfahrens. In diesen F\u00e4llen sind wir berechtigt, noch\nausstehende Lieferungen zur\u00fcckzubehalten oder nur gegen\nVorauszahlung oder Sicherheiten auszuf\u00fchren.<\/p>\n\n\n\n<h2 class=\"wp-block-heading\">\u00a712 Haftungsbeschr\u00e4nkung<\/h2>\n\n\n\n<p>Schadenersatzanspr\u00fcche aus Unm\u00f6glichkeit der Leistung, aus Vertragsverletzung, aus Verschulden bei Vertragsschluss und aus unerlaubter Handlung, sind sowohl gegen die Anbieterin, als auch gegen deren Erf\u00fcllungs- bzw. Verrichtungsgehilfen ausgeschlossen, soweit nicht vors\u00e4tzliches oder grob fahrl\u00e4ssiges Handeln vorliegt. F\u00fcr Folgesch\u00e4den aus der Verwendung der Produkte wird jede Haftung abgelehnt<\/p>\n\n\n\n<h2 class=\"wp-block-heading\">\u00a713 Internetauftritt fuocovolcano.ch<\/h2>\n\n\n\n<p>Die Anbieterin betreibt die Webseite <a href=\"https:\/\/www.fuocovolcano.ch\">https:\/\/www.fuocovolcano.ch<\/a>. Die diesbez\u00fcglichen Regelungen zu Inhalt und Datenschutz sind integraler Bestandteil dieser AGB.<\/p>\n\n\n\n<h2 class=\"wp-block-heading\">\u00a714 Gerichtsstand<\/h2>\n\n\n\n<p>Sarnen ist ausschliesslicher Gerichtsstand f\u00fcr alle sich aus dem Vertragsverh\u00e4ltnis unmittelbar oder mittelbar ergebenden Streitigkeiten. Das Rechtsverh\u00e4ltnis untersteht dem schweizerischen Recht<\/p>\n","protected":false},"excerpt":{"rendered":"<p>\u00a71 Geltung der Bedingungen Die Lieferungen, Leistungen und Angebote der Ofenwerkstatt Edy Spiller nachfolgend \u201eAnbieterin\u201c, erfolgen ausschliesslich aufgrund dieser Gesch\u00e4ftsbedingungen, auch wenn sie nicht nochmals ausdr\u00fccklich vereinbart werden. Mit Bestellung der Ware oder Leistung gelten diese Bedingungen als angenommen. Allgemeinen Einkaufsbedingungen des K\u00e4ufers wird hiermit widersprochen. Abweichungen von diesen Gesch\u00e4ftsbedingungen sind nur wirksam, wenn sie &hellip; <\/p>\n<p class=\"link-more\"><a href=\"https:\/\/www.fuocovolcano.ch\/?page_id=46\" class=\"more-link\"><span class=\"screen-reader-text\">\u201eAllgemeine Gesch\u00e4fts\u00adbedingungen (\u201eAGB\u201c)\u201c<\/span> weiterlesen<\/a><\/p>\n","protected":false},"author":2,"featured_media":0,"parent":0,"menu_order":0,"comment_status":"closed","ping_status":"closed","template":"","meta":{"footnotes":""},"aioseo_notices":[],"_links":{"self":[{"href":"https:\/\/www.fuocovolcano.ch\/index.php?rest_route=\/wp\/v2\/pages\/46"}],"collection":[{"href":"https:\/\/www.fuocovolcano.ch\/index.php?rest_route=\/wp\/v2\/pages"}],"about":[{"href":"https:\/\/www.fuocovolcano.ch\/index.php?rest_route=\/wp\/v2\/types\/page"}],"author":[{"embeddable":true,"href":"https:\/\/www.fuocovolcano.ch\/index.php?rest_route=\/wp\/v2\/users\/2"}],"replies":[{"embeddable":true,"href":"https:\/\/www.fuocovolcano.ch\/index.php?rest_route=%2Fwp%2Fv2%2Fcomments&post=46"}],"version-history":[{"count":2,"href":"https:\/\/www.fuocovolcano.ch\/index.php?rest_route=\/wp\/v2\/pages\/46\/revisions"}],"predecessor-version":[{"id":48,"href":"https:\/\/www.fuocovolcano.ch\/index.php?rest_route=\/wp\/v2\/pages\/46\/revisions\/48"}],"wp:attachment":[{"href":"https:\/\/www.fuocovolcano.ch\/index.php?rest_route=%2Fwp%2Fv2%2Fmedia&parent=46"}],"curies":[{"name":"wp","href":"https:\/\/api.w.org\/{rel}","templated":true}]}}